 7. Give v(0).
7
Let r(g) = -g - 5. Determine r(-4).
-1
Let b(f) = -f**2 - 13*f + 2. Determine b(0).
2
Let y(h) = -40*h + 21. What is y(5)?
-179
Let t(x) = -x**2 - 4*x + 4. Determine t(5).
-41
Let v(d) = -d**3 + d**2 + 8*d - 6. Calculate v(5).
-66
Let o(p) = p**3 + 5*p**2 - 11*p + 6. What is o(-8)?
-98
Let i(z) = -44*z**3 + z**2 + z. Give i(-1).
44
Let k(l) = l**3 + 17*l**2 + 16*l + 2. Calculate k(-16).
2
Let q(i) = -i**2 + 6*i + 6. Determine q(-3).
-21
Let p(u) = u**2 + 4*u - 140. Give p(-14).
0
Let u(q) = -5*q - 1. What is u(-1)?
4
Let x(c) = -c**3 + 10*c**2 + 12*c - 3. Give x(11).
8
Let d(i) = -i**2 + 9*i - 13. Calculate d(8).
-5
Let y(x) = -12*x + 5. Give y(1).
-7
Let r(w) = -w**2 + 8*w + 2. What is r(5)?
17
Let y(g) = 3*g - 122. Calculate y(46).
16
Let l(n) = -n**3 - 36*n**2 + 2*n + 66. Calculate l(-36).
-6
Let j(r) = -7*r + 207. Calculate j(34).
-31
Let h(q) = -q**3 - 3*q**2 + 12*q + 22. Give h(-5).
12
Let z(x) = 6*x - 9. Determine z(2).
3
Let y(j) = -j**3 - j**2 + 19*j + 31. Determine y(-4).
3
Let d(n) = 16*n + 146. What is d(-7)?
34
Let w(m) = m - 3. Calculate w(3).
0
Let d(v) = v**2 + 15*v + 86. Calculate d(-6).
32
Let j(f) = 9*f + 252. Determine j(-30).
-18
Let r(z) = 5*z - 10. Determine r(4).
10
Let j(k) = -k**2 + 67*k - 369. Determine j(6).
-3
Let x(y) = y**2 - 13. What is x(6)?
23
Let j(r) = -2*r**2 - 16*r - 1. What is j(-7)?
13
Let v(l) = -21*l - 1. Calculate v(2).
-43
Let j(i) = 3*i + 62. Calculate j(-23).
-7
Let x(l) = 5*l**2 - l + 1. Determine x(-2).
23
Let y(j) = -j**3 - 16*j**2 + 23*j - 7. Give y(-17).
-109
Let s(b) = b**2 + 27*b + 25. Give s(-1).
-1
Let z(l) = -2*l**3 + 25*l**2 - 10*l - 8. Calculate z(12).
16
Let n(y) = 21*y**2 + 2*y - 1. Determine n(1).
22
Let p(y) = -4*y. Give p(-2).
8
Let b(x) = x**3 - 10*x**2 + 8*x. What is b(9)?
-9
Let g(x) = -4*x - 37. Determine g(-8).
-5
Let k(l) = 2*l - 11. Calculate k(11).
11
Let x(f) = 3*f + 64. Determine x(-15).
19
Let q(x) = x**3 + 2*x**2 - 3*x - 2. What is q(-3)?
-2
Let k(r) = 39*r**2 - 1. Determine k(1).
38
Let h(r) = -3*r**2 + 2*r + 1. What is h(-3)?
-32
Let w(c) = -c**2 + 4*c - 2. Determine w(2).
2
Let z(s) = s**3 - 7*s**2 - 15*s - 6. Determine z(8).
-62
Let v(h) = -17*h + 110. Give v(6).
8
Let x(p) = -2*p**2 - 2*p - 45. Give x(0).
-45
Let k(p) = -19*p + 75. Give k(12).
-153
Let b(z) = -2*z**2 + 7*z + 2. Give b(7).
-47
Let b(p) = -40*p - 193. What is b(-5)?
7
Let d(x) = x - 18. Calculate d(8).
-10
Let o(s) = -s**3 + 9*s**2 - 8*s - 5. What is o(8)?
-5
Let u(w) = 3*w**2 - 66*w + 11. Determine u(22).
11
Let c(a) = -a**3 - 6*a**2 + 15*a - 10. Give c(-8).
-2
Let z(r) = -r**3 - 5*r**2 + 5*r - 10. Calculate z(-6).
-4
Let w(j) = 2*j + 33. Calculate w(-14).
5
Let h(d) = 8*d - 38. Calculate h(9).
34
Let y(d) = 3*d - 1. What is y(2)?
5
Let n(d) = -d**2 - 25*d + 18. Calculate n(-28).
-66
Let d(r) = -3*r - 3. Calculate d(-2).
3
Let w(k) = 11*k + 4. Give w(-4).
-40
Let y(p) = -p**3 + 9*p**2 + 2*p - 32. Calculate y(8).
48
Let i(c) = 6*c**3 + 2*c**2 - c - 1. What is i(-1)?
-4
Let h(n) = -6*n + 9. Give h(13).
-69
Let i(h) = h**2 + 7*h - 14. Determine i(-9).
4
Let z(x) = 2*x**3 - 36*x**2 - 32*x - 84. Give z(19).
30
Let a(n) = -n + 2. Determine a(2).
0
Let j(r) = 6*r - 2. Calculate j(1).
4
Let l(j) = -74*j**3 + 2*j**2 - 3*j + 1. Determine l(1).
-74
Let f(r) = -2*r**3 + 11*r**2 + 5*r. Give f(6).
-6
Let w(v) = -2*v. Calculate w(5).
-10
Let d(a) = 10*a + 29. Determine d(-3).
-1
Let j(t) = -t**3 + 10*t**2 - 4*t + 155. Give j(11).
-10
Let y(r) = r - 8. Give y(-5).
-13
Let m(u) = -u + 11. Calculate m(9).
2
Let j(l) = -l**2 + 15*l + 4. Calculate j(16).
-12
Let z(l) = l**3 + 20*l**2 + 2*l - 23. What is z(-20)?
-63
Let w(s) = s**3 - 11*s**2 - 9*s + 1. Calculate w(-1).
-2
Let s(v) = v**2 + 52*v + 33. Determine s(-52).
33
Let y(u) = -13*u + 6. What is y(-2)?
32
Let u(a) = a**2 + 7*a - 1. Give u(-7).
-1
Let b(v) = -30*v + 594. Determine b(20).
-6
Let h(v) = -v**2 + 34*v - 37. What is h(33)?
-4
Let x(k) = -k**2 + 2*k + 63. Give x(-7).
0
Let l(z) = -z**2 + 14*z - 4. Determine l(12).
20
Let p(n) = -n**2 - 6*n + 18. Calculate p(-8).
2
Let f(n) = -2*n - 10. Calculate f(4).
-18
Let m(v) = -v - 36. What is m(0)?
-36
Let a(c) = 5*c + 78. What is a(-16)?
-2
Let d(n) = -6*n**2 + 36*n - 7. Determine d(6).
-7
Let q(d) = d**3 + 5*d**2 + d + 7. Calculate q(-5).
2
Let k(u) = -2*u**3 + 25*u**2 - 7*u - 13. Give k(12).
47
Let n(d) = -d**2 - 8*d - 1. What is n(-4)?
15
Let u(h) = h**3 - 8*h**2 + 11*h - 15. What is u(7)?
13
Let d(u) = -7*u + 16. Give d(1).
9
Let u(i) = i**2 + 5*i - 44. Determine u(8).
60
Let k(f) = -f**3 - 14*f**2 - 13*f - 17. Determine k(-13).
-17
Let y(p) = -p**2 + 12*p - 3. Determine y(10).
17
Let j(p) = p**3 - 11*p**2 + 3*p + 4. What is j(11)?
37
Let f(p) = -3*p - 14. What is f(-11)?
19
Let g(x) = -x**3 - 6*x**2 + x + 5. Calculate g(-6).
-1
Let m(w) = -18*w + 7. Determine m(2).
-29
Let t(f) = f**3 + 11*f**2 - 4*f - 27. What is t(-11)?
17
Let s(l) = -13*l - 33. Determine s(-2).
-7
Let f(l) = -2*l**3 - 3*l**2 - 5*l - 18. Calculate f(-3).
24
Let b(i) = 2*i**2 + 7*i - 9. Determine b(3).
30
Let u(y) = y**3 - 12*y**2 - 20*y + 17. What is u(14)?
129
Let w(j) = -j**3 - 19*j**2 - 17*j + 24. What is w(-18)?
6
Let b(c) = -2*c**3 - 10*c**2 - 5. Calculate b(-5).
-5
Let j(y) = y**3 - 16*y**2 - 20. Give j(16).
-20
Let i(a) = a**3 - 5*a**2 + 5*a + 1. Determine i(4).
5
Let j(a) = 5*a + 33. Give j(-9).
-12
Let n(t) = -t**2 - 5*t + 6. Give n(-7).
-8
Let n(f) = -f**3 - 5*f**2 - 7*f - 6. Give n(-3).
-3
Let h(r) = -r**3 + 13*r**2 - 15*r + 11. Give h(12).
-25
Let x(a) = -21*a + 93. Give x(6).
-33
Let t(r) = 15*r - 122. Determine t(8).
-2
Let n(g) = g**3 + 10*g**2 - 40*g - 12. Calculate n(-13).
1
Let l(s) = -2*s + 5. Determine l(3).
-1
Let b(o) = -o + 2. Calculate b(-3).
5
Let x(r) = -r**2 - 13*r - 38. Give x(-7).
4
Let o(d) = 2*d**3 - 1. Give o(-2).
-17
Let s(c) = 3*c**2 + 11*c + 17. What is s(-6)?
59
Let r(n) = n**2 + n - 3. What is r(4)?
17
Let p(z) = -z**3 - z**2 + z. Give p(-2).
2
Let m(o) = 3*o**2 + 18*o + 73. Calculate m(-7).
94
Let r(a) = -a**3 - 9*a**2 + 25*a + 33. Calculate r(-11).
0
Let r(d) = d**3 + 9*d**2 - 6*d - 14. What is r(-10)?
-54
Let o(n) = -21*n + 34. Determine o(2).
-8
Let q(o) = -13*o**2 + 14*o - 4. Determine q(1).
-3
Let j(n) = n - 15. Calculate j(8).
-7
Let x(j) = j**2 - 10*j + 9. What is x(8)?
-7
Let d(y) = -y**2 - 2*y - 4. Give d(0).
-4
Let d(o) = -10*o**2 + 252*o - 48. Give d(25).
2
Let j(s) = -s**3 - 9*s**2 + 12*s + 15. Give j(-10).
-5
Let u(y) = 8*y + 29. What is u(5)?
69
Let p(i) = 2*i**3 + 8*i**2 - 18*i - 44. What is p(-5)?
-4
Let r(o) = -8*o - 12. Calculate r(-3).
12
Let i(u) = -u - 10. What is i(-5)?
-5
Let g(d) = -d**3 - 7*d**2 - 5*d - 8. Determine g(-7).
27
Let t(w) = -10*w - 1. Calculate t(1).
-11
Let n(a) = a**3 + 11*a**2 - 6*a - 31. Calculate n(-11).
35
Let t(n) = n**3 - 7*n**2 + 7*n + 2. Calculate t(6).
8
Let b(c) = c**2 - 13*c. Calculate b(12).
-12
Let o(w) = -7*w - 16. Calculate o(-5).
19
Let f(o) = -o**2 - o + 4. Calculate f(1).
2
Let p(l) = -24*l**2 + 92*l - 10. Determine p(4).
-26
Let n(f) = -2*f**3 - f**2 - 2*f - 2. Determine n(-1).
1
Let g(j) = j**3 - j - 77. What is g(0)?
-77
Let j(n) = -3*n + 15. Calculate j(8).
-9
Let f(q) = q**3 + 3*q**2 - 9*q - 27. What is f(-4)?
-7
Let u(j) = j**2 - 15*j + 11. Calculate u(9).
-43
Let y(l) = 9*l + 133. Calculate y(-16).
-11
Let v(w) = -2*w**2 - 10*w + 7. What is v(-9)?
-65
Let u(z) = -2*z + 65. Determine u(12).
41
Let h(u) = -u**2 - 20*u - 63. What is h(-8)?
33
Let k(o) = o**3 - 10*o**2 - 10*o - 11. Calculate k(11).
0
Let c(j) = -j**2 + 11*j - 26. Calculate c(5).
4
Let l(u) = -70*u - 555. Give l(-8).
5
Let z(u) = -4*u**2 + 3*u - 1. Determine z(3).
-28
Let m(s) = -s**2 - 4*s + 2. Determine m(-4).
2
Let m(q) = 2*q**3 + 27*q**2 - 13*q + 33. Give m(-14).
19
Let s(t) = 3*t - 9. Calculate s(8).
15
Let z(l) = l**2 + 6*l - 7. Give z(-6).
-7
Let k(i) = 2*i + 21. Calculate k(10).
41
Let c(f) = -f**3 + 4*f**2 + 24*f - 8. Calculate c(7).
13
Let z(f) = f**3 - 9*f**2 + 10*f + 9. Give z(7).
-19
Let b(z) = z**2 - 15*z - 23. What is b(15)?
-23
Let g(l) = -l**2 - 2*l - 14. Calculate g(-5).
-29
Let n(f) = -f**2 + 4*f - 7. Give n(8).
-39
Let h(q) = q**3 + 21*q**2 - 21*q + 27. Give h(-22).
5
Let l(w) = w**2 + 9*w - 11. Calculate l(-10).
-1
Let r(l) = -l + 5. D